rime factors of t?
7
Suppose p - 70 = 141. List the prime factors of p.
211
Let q(n) = -n + 1. Let b(d) = 12*d**2 - 7*d + 4. Let m(g) = b(g) - 5*q(g). List the prime factors of m(2).
43
List the prime factors of 382/4 + ((-1)/2 - 1).
2, 47
Suppose 2 + 9 = s. Let q = -7 + s. Suppose 8 = 2*o, 2*k - o = 2*o - q. List the prime factors of k.
2
Let t(r) = -r**3 - 6*r**2 - 7*r. Let s be t(-4). List the prime factors of (s/6)/((-8)/24).
2
Let q(t) = 2*t**2 + 7*t - 6. Let r be q(-6). Suppose 0 = -6*g + 2*g. Suppose -5*w + 3*w + r = g. What are the prime factors of w?
2, 3
Suppose -4*o = z - 46, 3*o = -0*z + 5*z - 276. List the prime factors of z.
2, 3
Suppose 2*o - 11 = 3. Suppose 4*i - 23 + o = 0. What are the prime factors of i?
2
Let q(y) = -y**3 - 8*y**2 - 2*y - 5. Let r(t) = 2*t + 10. Let x be r(-9). What are the prime factors of q(x)?
11
Let g = 105 + -55. Suppose 64 = 4*p - v, 0 = 4*p + 5*v - g + 10. List the prime factors of p.
3, 5
Let z(o) = 3*o**2 - 9*o + 3. What are the prime factors of z(-3)?
3, 19
Suppose 4*q - 3*t - 250 = 13, -q + 5*t + 70 = 0. List the prime factors of q.
5, 13
Suppose 6*h - h = 60. Suppose 0 = -5*p + h - 2. Suppose 2 = p*u - 6. What are the prime factors of u?
2
Let n(f) = -4*f. Let i be n(-5). Suppose 4*w - i + 0 = 0. What are the prime factors of w?
5
Let g(o) = 6*o**3 - 2*o**2 - o - 7. What are the prime factors of g(3)?
2, 67
Suppose 6 = x + z, 5*z = x + 2 + 4. Let k = 12 - x. List the prime factors of k.
2
Let g(l) = 8*l - 1. Let i be g(-3). Let b = -16 - i. What are the prime factors of b?
3
Let x(o) = -3*o + 2*o - 1 + 0 + 3*o**2 + 0*o**2. List the prime factors of x(2).
3
Let z(l) = l**3 + 6*l**2 - 7*l + 4. Let v be z(-6). Let f = v + -7. List the prime factors of f.
3, 13
Suppose 88 = 2*s - 32. Suppose 6*l = l + s. List the prime factors of l.
2, 3
Let y be ((-3)/4)/(3/12). Let q = -2 - y. Let o = q + 1. What are the prime factors of o?
2
Let g = 154 - 95. What are the prime factors of g?
59
Let g(a) = -a**3 - 2*a - 3. Let x be g(-2). Let s = -8 + 12. Let b = x + s. List the prime factors of b.
13
Suppose -5*o + 7*p - 3*p + 2971 = 0, 0 = 5*o + 2*p - 2977. List the prime factors of o/28 + 2/(-8).
3, 7
Let h = 44 + -21. List the prime factors of h.
23
Let q(l) = -l**2 + 7*l + 10. Let x be q(8). Suppose 3*p = x*p + 4, 7 = d + p. List the prime factors of d.
3
Suppose 2*z + 2*n + 3*n - 6 = 0, 0 = -3*z - 4*n + 16. Suppose 0 = -0*y - 4*y - z. List the prime factors of y/4*(-25 - -1).
2, 3
Suppose 9*h - 534 = 3*h. What are the prime factors of h?
89
Let s be (-8)/(-6) + 2/(-6). Suppose -p - s = -46. Suppose 4*z = 5*u - p, 4*z - 13 = 7. List the prime factors of u.
13
Suppose -2*j + 22 = 2*d - 234, -120 = -d - 5*j. What are the prime factors of d?
2, 5, 13
Let i = 1 + 2. Suppose w = -5*n + 127, 2*n + i*w - 80 = -24. What are the prime factors of n?
5
Let i(s) = 5*s - 1. Let l be i(2). Let n(m) = m**2 - 7*m - 6. List the prime factors of n(l).
2, 3
Let c(a) = 5*a - 1. Let y be c(-1). What are the prime factors of (-62)/y + (-4)/(-6)?
11
Let f(w) = -51*w - 5. List the prime factors of f(-7).
2, 11
Let c(y) = y**3 + 10*y**2 + 8*y - 7. List the prime factors of c(-9).
2
Let y(t) = 2*t - 1. Let f be y(6). Suppose -4*q = -f - 33. List the prime factors of q.
11
Let m = 2 - 0. Suppose -j = m*j. Let g = 14 + j. List the prime factors of g.
2, 7
Let x(a) = -a**2 - 25*a - 24. Let b be x(-16). Suppose 6*v = 10*v - b. What are the prime factors of v?
2, 3, 5
Let t be 2/5*5*1. Suppose -4*q - 3*g = -0*g - 31, q = -t*g + 14. What are the prime factors of q?
2
Suppose -4*v + 2*x + 17 = -x, -10 = -2*v + 2*x. Suppose -v*b - 16 = -3*t, -t + 3*b + 12 - 2 = 0. What are the prime factors of t?
2
Let h = -40 + 2. Let i be (6/1)/((-4)/h). Suppose 0*c - i = -3*c. What are the prime factors of c?
19
Let q = -25 - -44. What are the prime factors of q?
19
Let n be (-14)/10 + (-12)/20. List the prime factors of (2 - 1)/(n/(-14)).
7
Suppose m = -2*m + 78. What are the prime factors of m?
2, 13
Let a be 69*(0 + (-2)/(-6)). Suppose 0 = -4*v - a - 1. What are the prime factors of v/10 - (-240)/25?
3
Suppose r - 5*r = 4. Let w = 3 + r. What are the prime factors of 2 + (-2)/w + 6?
7
Let l(u) = 13*u - 20. List the prime factors of l(5).
3, 5
Let g = -21 + 84. What are the prime factors of g?
3, 7
What are the prime factors of 1*1*(-2 - -10)?
2
Let v(y) be the second derivative of -y**3/2 + 7*y**2 - 3*y. Let u(o) = -5*o + 27. Let z(f) = -6*u(f) + 11*v(f). What are the prime factors of z(-6)?
2, 5
Let n(x) = -x**2 - 5. Let u be n(4). List the prime factors of (-162)/u - (-2)/7.
2
Suppose 0 = -2*j - 5*p - 17, p = 2*j - 0*p - 13. What are the prime factors of j?
2
What are the prime factors of -3 - (-3 - -4) - -66?
2, 31
Let q(k) = 2*k + 7. Let s be q(-5). Let x(y) = -y**2 + 3. Let l be x(s). List the prime factors of 1*-2*(-11 - l).
2, 5
Let j = 121 + 39. List the prime factors of j.
2, 5
Let u = 23 + -1. List the prime factors of u.
2, 11
Let l(s) = -s**3 - 3*s**2 + 4*s + 3. Let o be l(-4). Suppose 21 = o*a - 33. What are the prime factors of a?
2, 3
Suppose -14 = d + 2*r, -4*d - 3*r = -0*r + 31. Let b = 15 - d. List the prime factors of b.
19
Let m be -3 + -3*(-28)/12. Suppose m*n + q - 69 = 0, q = n + 3*n - 67. What are the prime factors of n?
17
Suppose 19*b - 22 = 18*b. List the prime factors of b.
2, 11
List the prime factors of 76 - (6/9 + 4/3).
2, 37
Suppose 3*g - p - 9 - 7 = 0, -p = 2*g - 4. Suppose g*z - 2*l - 72 = 0, z - 7*l = -2*l + 36. List the prime factors of z.
2
Let r(f) = 6*f - 1. Let n = 8 + 0. Let a(x) = -x**3 + 8*x**2 + 1. Let o be a(n). What are the prime factors of r(o)?
5
Let l(d) = 2*d**2 - 5*d + 3. Let v be ((-16)/10)/(8/(-20)). Let h be l(v). What are the prime factors of ((-5)/h)/(2/(-78))?
13
Suppose 12*t = 14*t - 486. List the prime factors of t.
3
List the prime factors of -4 - -1 - (2 - 13).
2
What are the prime factors of (-13 + 15)/(4/38)?
19
Let v(i) = -i + 12. Let m(w) = -w. Let f(u) = 4*m(u) - v(u). What are the prime factors of f(-8)?
2, 3
Suppose 0 = 2*z - 6*p + 3*p + 2, -2 = -2*z + p. Let u be ((-1)/z)/((-6)/12). List the prime factors of -1 + u + 36/3.
2, 3
Let y = 0 - -3. List the prime factors of ((-1)/y)/(3/(-36)).
2
Let r(d) = d**2 + 9*d + 10. Let o be r(-8). Let j = 2 - o. Suppose -4*g = -j*g - 48. List the prime factors of g.
2, 3
Let c(v) = v**2 + 20*v + 21. What are the prime factors of c(-20)?
3, 7
Let w = 333 - 39. What are the prime factors of w?
2, 3, 7
Let y(m) = m**3 - 9*m**2 + 13*m - 26. List the prime factors of y(10).
2, 3, 17
Let q be (98/(-21))/(4/(-6)). Suppose -22 = -3*w - q. What are the prime factors of w?
5
Let p(r) = -r - 7. Let o(l) = -4*l - 36. Let y(u) = 3*o(u) - 14*p(u). Let w(x) = -x**2 - 14*x - 17. Let b be w(-12). List the prime factors of y(b).
2
Let f(o) = 5*o - 3. List the prime factors of f(5).
2, 11
Let d(p) be the third derivative of -7*p**4/24 - p**3/6 - 2*p**2. Let f be d(1). Let m(o) = o**3 + 8*o**2 - 2*o - 10. What are the prime factors of m(f)?
2, 3
Suppose 3*y + 0 = -12. Let n(a) = -a**3 - 5*a**2 - 5*a + 4. List the prime factors of n(y).
2
What are the prime factors of 228/54 + (-6)/27?
2
Let a = 10 + -7. What are the prime factors of 0/(a - 4) + 22?
2, 11
Let h(a) = a**2 - 10*a + 32. What are the prime factors of h(15)?
107
Let s(c) = c**3 + 9*c**2 - 10*c + 6. What are the prime factors of s(-10)?
2, 3
Suppose -4 = 2*i, 2*r - 3*i - 8 = 8. Suppose -1 = p - r. What are the prime factors of p?
2
Suppose 4*j = -2*d - 14, 2*j - 1 = d - 2. List the prime factors of (-11)/(j + 1) - 0.
11
Suppose 0 = 4*n - 3*n - 3. Suppose -n*b = -4*b. Suppose t + 0*t - 11 = b. List the prime factors of t.
11
Let o(n) be the third derivative of n**6/120 + n**5/10 + n**4/4 + n**3 - 3*n**2. What are the prime factors of o(-4)?
2, 7
Let v(l) = 11*l**2 + 7*l + 2. Let m(z) = -5*z**2 - 3*z - 1. Let k(d) = -7*m(d) - 3*v(d). What are the prime factors of k(3)?
19
What are the prime factors of (-19)/(-2) + 6/12?
2, 5
Let w(u) = 5*u - 21. What are the prime factors of w(11)?
2, 17
Let b = -4 - -7. Let t(q) = 2*q**2 - 3*q - 4. Let j be t(b). Suppose 0 = j*k - f - 47 - 1, 0 = -2*k + f + 18. What are the prime factors of k?
2, 5
Suppose q - 4*q = -4*t - 451, q + 3*t = 133. List the prime factors of q.
